+ 173 = -5*i. Let h(s) = 2*s**2 - 3*s - 7. Let q be h(-5). Let l = q + i. What is the highest common divisor of l and 92?
23
Let n(m) = 3*m**2 - 8*m + 180. Let u be n(0). Let l(c) = 20*c**2 + c + 1. Let t be l(-1). What is the greatest common divisor of u and t?
20
Let i = -633 + 737. Calculate the greatest common factor of 78 and i.
26
Let m(y) = y**2 + 22*y - 49. Let h be m(-23). Let p = h + 31. What is the highest common divisor of p and 10?
5
Suppose -13 = -4*t + 11. Suppose -46*u - 37*u = -96*u + 702. Calculate the greatest common factor of t and u.
6
Let a be 10 + 0 + (-4)/(14/7). Suppose 0 = -z - 4*h + a, 0*z - 3*h = -3*z + 9. What is the greatest common divisor of 36 and z?
4
Suppose 9239 = 22*f - 199. Calculate the greatest common divisor of f and 65.
13
Let y = 22 - 10. Let t be (-1 + -2)*328/y. Let l = -58 - t. Calculate the highest common divisor of l and 60.
12
Suppose -5*o - 4*w = -38, -2*w + 18 = 2*o + w. Suppose 1682 = o*z + 662. Calculate the greatest common factor of 10 and z.
10
Suppose -4*j = -8, -v - 2*j = 3*j - 19. Let c = v - -2. Calculate the greatest common factor of c and 11.
11
Let r be 15/25*((-56)/(-8) + 3). Calculate the greatest common factor of 16 and r.
2
Let x(a) = -31*a - 2. Let b be x(-1). Let i = 32 - b. Let g(k) = 20*k - 10. Let y be g(i). Calculate the greatest common factor of 25 and y.
25
Let h(m) = -m**3 - 12*m**2 - 31*m - 22. Let f be h(-9). Suppose -3*p = -4*p + d + 52, 4*p - 236 = -3*d. What is the highest common factor of f and p?
14
Let a(q) = 2*q**2 + 41*q - 99. Let h be a(9). What is the greatest common factor of 96 and h?
48
Suppose -148 = -l - 90. What is the greatest common factor of 1334 and l?
58
Let a be 30 + -37 - (-61 + -2). Calculate the highest common divisor of a and 70.
14
Let a = -26 + 22. Let o be a/(-14) + (-22)/77. Suppose -4*p + o*p = -36. What is the highest common factor of p and 9?
9
Suppose 0 = -0*j - 3*j + 750. Suppose -j + 52 = -6*z. Let x = 56 + -34. Calculate the highest common factor of x and z.
11
Let a(q) be the second derivative of -1/12*q**4 + 0 + 1/20*q**5 - 2/3*q**3 - 2*q**2 + 3*q. Let v be a(6). Calculate the highest common divisor of v and 19.
19
Suppose -17*m + 9*m = -24. Let o be -5*(-2 - 6/(-5)). Suppose 20 = g - 4*c, m*c + c - 40 = -o*g. Calculate the highest common factor of 3 and g.
3
Let l(u) = -u**3 + 7*u**2 + 17*u - 6. Let c be l(6). Calculate the highest common divisor of 99 and c.
33
Suppose p - 10 = -5*r - 107, 66 = -3*r + 2*p. Let x be (21 + r)/(26/(-28) + 1). What is the highest common factor of x and 154?
14
Suppose -17*j + 2470 = 9*j. Calculate the highest common divisor of j and 19.
19
Let o(z) = -3*z - z + 4*z + 9 + z**2 + 2*z. Let m be o(-3). What is the highest common divisor of m and 30?
6
Let a be (6/(-9))/(6/54). Let s = 10 + a. Suppose 3*y - 849 = -3*l, 1147 = s*l - y + 2*y. What is the highest common divisor of 32 and l?
32
Suppose 3*h = 2*h + b - 2, 2*h + 4*b - 14 = 0. What is the highest common factor of h and 2?
1
Let z(k) = 14*k**2 + 4*k - 32. Let i be z(-9). What is the highest common factor of 13 and i?
13
Let g be (-3 - -7)/((-3)/(-66)). Suppose -d - 36 - g = -5*y, 3*y = -5*d + 52. Calculate the greatest common factor of 60 and y.
12
Let x(g) = 3*g + 1. Let a be x(7). Let i = 26 - -249. Let s be (-12)/15*i/(-2). Calculate the greatest common divisor of s and a.
22
Let b = -657 - -658. Calculate the highest common factor of 35 and b.
1
Suppose n - 3*k + 93 = 22, 4*n + 239 = 3*k. Let x = -92 - n. Let i = -28 - x. Calculate the greatest common factor of i and 4.
4
Let v(u) = -6*u**3 + 5*u**2 + 3*u + 12. Let q be v(-4). Calculate the greatest common divisor of 29 and q.
29
Let y = 57 + 7. Let o = y - 48. Let a(v) = 3*v**3 + v - 4. Let h be a(3). Calculate the greatest common divisor of h and o.
16
Suppose 3*y = -2*j - 2, 15*j - 9*j - 3*y = 18. What is the greatest common divisor of j and 142?
2
Suppose 0 = 21*z - 11*z - 1560. What is the greatest common factor of z and 12?
12
Let o = -287 + 317. Suppose 2*m - u - 1 - 20 = 0, 54 = 5*m - 4*u. Calculate the greatest common divisor of o and m.
10
Suppose 3*n = 3*d + 42, -6*d + 22 = n - 9*d. What is the highest common factor of 2 and n?
2
Suppose -l + 5*z = -379, 0 = 3*l + 140*z - 142*z - 1150. What is the highest common divisor of 6 and l?
6
Suppose 5*y = -2*i - 3*i + 360, -4*i = y - 273. Suppose -i*t + 3 = -66*t. Calculate the highest common factor of t and 9.
3
Let y(q) = -7*q + 27. Let r be y(-6). Suppose -n = 4*k - 5*n - 76, -3*k = 3*n - r. What is the greatest common factor of 231 and k?
21
Suppose 55 = 3*u + 2*u. Suppose y = -4*g + 23, -2*g - 2*y = -3 - 1. Suppose g*z + 8 = u*z. What is the highest common factor of z and 5?
1
Let u = 279 - 278. Let h(a) = a**2 - 1. Let d be h(-2). What is the greatest common factor of u and d?
1
Let g = 459 - -591. What is the greatest common divisor of 63 and g?
21
Let p(y) be the first derivative of -y**2/2 - 4*y - 7. Let u be p(-6). Let i be u - (1 - -3) - -24. Calculate the highest common divisor of i and 66.
22
Let s(n) be the second derivative of -n**3/2 - 3*n**2 - 2*n. Let x be s(-12). Suppose -x = j - 3*j. Calculate the highest common divisor of j and 5.
5
Let i be 0 + (-10 - -4) - -216. Calculate the greatest common divisor of i and 120.
30
Let m be 1*(-5)/10*8. Let d be m/(-6) + 292/12. Calculate the greatest common divisor of 25 and d.
25
Suppose -6*k = 1 - 55. Calculate the greatest common factor of k and 9.
9
Suppose 2*k - 4*i - 20 = 0, -4*k + 5*k - 22 = 5*i. Let g be 95/k*(-156)/(-65) + -4. What is the greatest common divisor of 10 and g?
10
Let v(w) = -w**3 - 22*w**2 + 24*w + 50. Let t be v(-23). What is the greatest common factor of t and 783?
27
Let b be ((-14)/(-8))/((-10)/40). Let z = b + 34. Let t = z - -15. What is the greatest common factor of 7 and t?
7
Let a = 35 + -32. Suppose 8*z - 159 = 4*z - 5*h, 120 = a*z + 4*h. Calculate the highest common factor of 9 and z.
9
Let w = 67 - 65. Suppose -w*m = -34 - 16. Calculate the greatest common factor of 5 and m.
5
Let p(u) = 14*u - 153. Let a be p(16). What is the highest common factor of a and 1?
1
Suppose 2*t - v + 0*v = 17, -5*v - 15 = 0. Suppose 4*a + 0*m = 2*m - 6, 0 = -3*a - 5*m + 28. What is the highest common divisor of t and a?
1
Suppose 1 - 13 = -4*b - 4*h, 3*b + 2*h - 10 = 0. Let f be (-8)/3*75/(-10). Calculate the highest common divisor of b and f.
4
Let n(t) = -t**2 + 6*t. Let f be n(6). Suppose 4*r - 6 = 3*x - f, 8 = 4*x. What is the highest common divisor of 6 and r?
3
Let g be (8/(-6))/((-2)/75). Calculate the highest common factor of g and 425.
25
Suppose 4*b - 136 = -5*n + 119, -5*b + 255 = 5*n. Suppose 6*c = 105 - 3. What is the greatest common factor of n and c?
17
Let m be ((4 - 1) + 7 + 15)*2. Calculate the greatest common divisor of m and 2.
2
Let i = -2157 + 2329. What is the greatest common factor of 731 and i?
43
Let t be 16*((-27)/(-6) + -3). Let j(a) = -2*a - 6 - 4*a + a + a + 6*a**2. Let y be j(-3). What is the highest common factor of t and y?
12
Suppose 5*k + j - 135 + 49 = 0, 2*k = 5*j + 29. Let l = -4 - -7. Suppose 0*g - l*g + 102 = 0. Calculate the greatest common factor of g and k.
17
Let v be 264/60 + 3/5. Let q be (v/(-2))/(11/(-3080)). Suppose 2*s + q = 6*s. Calculate the highest common divisor of 70 and s.
35
Let j(t) = 2*t**3 - t**2 - 19*t + 102. Let i be j(6). What is the greatest common factor of i and 24?
24
Suppose -5*z - 11616 = -37*z. What is the highest common factor of 99 and z?
33
Suppose -4*v - 20 = -68. What is the greatest common factor of v and 30?
6
Let w = 456 - 440. What is the highest common divisor of w and 368?
16
Let z be (186/12)/((-2)/(-60)). What is the highest common divisor of 5 and z?
5
Let o = 120 + -54. Suppose -3*s + 8*s = 440. Let b be ((-8)/2)/(-8)*s. What is the greatest common divisor of o and b?
22
Suppose -2*v - 3*v + 3110 = 2*l, -2*l = -2*v + 1258. Let n be 1/3 + v/18. What is the greatest common factor of n and 14?
7
Let n = 418 - 234. What is the greatest common divisor of 16 and n?
8
Let g = 997 - 767. Calculate the greatest common divisor of 20 and g.
10
Let n = 5 + 7. Suppose 6*o = v + 7*o - 94, 3*v - 292 = 2*o. What is the greatest common divisor of n and v?
12
Suppose -3*h - m = -15, 2*m = 3*m. S